 What is o(-5)?
-8
Let h(y) = -21*y**2 - 68*y - 12. Determine h(-3).
3
Let b(i) = -10*i - 52. What is b(-5)?
-2
Let z(o) = -o - 17. Determine z(-8).
-9
Let x(y) = -5*y - 6. What is x(-4)?
14
Let s(c) = 99*c + 582. Calculate s(-6).
-12
Let b(d) = d**2 + 5*d + 2. Calculate b(-5).
2
Let c(p) = p**3 + 9*p**2 + 8*p - 2. Calculate c(-8).
-2
Let a(f) = 6*f**3 - 4*f**2 - 2*f + 1. What is a(-1)?
-7
Let u(n) = 8*n - 32. Give u(5).
8
Let a(h) = -h**3 + 5*h**2 + 7*h - 7. Determine a(6).
-1
Let y(t) = t**2 - 9*t - 2. Give y(9).
-2
Let b(s) = -s**3 + 9*s**2 + 5*s + 38. Calculate b(10).
-12
Let z(x) = 4*x**3 + 3*x**2 - 6*x + 7. Give z(3).
124
Let v(q) = 10*q - 376. Give v(37).
-6
Let k(z) = -3*z - 38. Give k(-11).
-5
Let d(w) = 15*w + 9. Calculate d(-1).
-6
Let l(x) = 2*x**3 + 3*x**2 + 3*x - 4. Determine l(-2).
-14
Let k(c) = -c**3 + 12*c**2 - 3*c + 28. Calculate k(12).
-8
Let l(y) = -27*y + 1518. Calculate l(56).
6
Let d(v) = v**2 - 2*v - 49. What is d(8)?
-1
Let u(a) = -a**3 + 11*a**2 - 23*a - 13. Give u(8).
-5
Let d(f) = f**3 - 6*f**2 + 4*f - 2. Determine d(6).
22
Let z(k) = -44*k**2 + 7*k - 8. What is z(1)?
-45
Let x(l) = 3*l**2 - 4*l - 1. Determine x(2).
3
Let f(j) = -11*j**2 - 123*j - 25. What is f(-11)?
-3
Let b(p) = 2*p - 6. Determine b(4).
2
Let f(c) = -6*c - 1. Give f(3).
-19
Let l(w) = -2*w**2 - 13*w - 15. Give l(-7).
-22
Let k(o) = 4*o + 5. Give k(4).
21
Let n(w) = w**2 + 14*w - 19. What is n(-15)?
-4
Let t(o) = -o**3 + 10*o**2 - 11*o - 3. Calculate t(8).
37
Let u(t) = 2*t**2 + 38*t + 205. Determine u(-9).
25
Let r(a) = -a**2 + 2*a + 65. Determine r(-7).
2
Let b(u) = u**3 - 17*u**2 + 31*u - 61. Give b(15).
-46
Let n(m) = -m**3 + 24*m**2 - 23*m + 21. Calculate n(23).
21
Let f(t) = t**2 - 12*t + 2. Determine f(9).
-25
Let h(p) = p**3 - 9*p**2 - 12*p + 13. Calculate h(10).
-7
Let d(s) = -2*s**2 + 29*s + 117. Calculate d(18).
-9
Let x(a) = -16*a**2 + a - 1. Calculate x(1).
-16
Let o(c) = -10*c**2 + 4*c + 3. Determine o(-1).
-11
Let q(y) = -9*y - 2. Give q(-3).
25
Let a(y) = -y**3 - 24*y**2 + 22*y - 56. What is a(-25)?
19
Let o(m) = m + 18. What is o(-20)?
-2
Let w(f) = 7*f - 1. Determine w(-6).
-43
Let r(p) = -p**2 + 4*p + 7. Give r(5).
2
Let o(s) = s**3 - 3*s**2 + 2*s + 3. Give o(2).
3
Let o(q) = -q**2 - 2*q + 218. What is o(14)?
-6
Let n(s) = -8*s + 89. Give n(11).
1
Let o(v) = -2*v - 1. Give o(3).
-7
Let d(q) = -2*q - 2. Give d(-5).
8
Let c(y) = -y**3 + 4*y**2 + 2*y - 3. What is c(4)?
5
Let h(b) = -2*b**2 - 40*b + 8. Give h(-20).
8
Let u(y) = -2*y**3 + 7*y**2 + 4*y - 8. What is u(4)?
-8
Let s(b) = b**2 - 84*b - 441. Give s(-5).
4
Let i(d) = -9*d**2 - 11*d - 23. Determine i(-5).
-193
Let u(y) = y**3 - 3*y**2 - 3*y + 3. Determine u(3).
-6
Let c(x) = -x**3 - 5*x**2 - 7*x - 6. Calculate c(-4).
6
Let t(v) = v**2 + 4*v - 2. Calculate t(-5).
3
Let l(i) = -4*i - 20. What is l(-9)?
16
Let y(d) = -d**2 + 7*d + 6. Determine y(7).
6
Let j(g) = -g**3 + 9*g**2 - 6*g - 10. Give j(8).
6
Let n(o) = o**2 - 18*o + 80. Give n(9).
-1
Let s(l) = l + 13. Calculate s(-5).
8
Let w(j) = -2*j - 6. Calculate w(5).
-16
Let n(g) = -2*g**2 + 16*g - 21. Determine n(7).
-7
Let r(i) = 14*i - 11. Calculate r(3).
31
Let b(v) = -5*v**2 - 2*v + 4. What is b(-2)?
-12
Let d(a) = -a**3 + 6*a**2 - 5*a - 7. Give d(5).
-7
Let p(t) = -t**3 + 6*t**2 + 14*t - 5. Determine p(8).
-21
Let g(i) = -i - 11. Determine g(9).
-20
Let q(w) = w**3 + 4*w**2 + 4*w - 2. What is q(-5)?
-47
Let u(k) = 24*k - 78. What is u(3)?
-6
Let o(y) = 6*y - 23. Determine o(4).
1
Let i(c) = 2*c - 7. Determine i(7).
7
Let w(j) = -14*j - 224. Determine w(-16).
0
Let x(t) = t**2 - 15*t. Give x(14).
-14
Let n(w) = -3*w**2 - 39*w + 88. Calculate n(-15).
-2
Let q(r) = r**2 - 2*r - 1. What is q(-6)?
47
Let w(c) = c**3 - 18*c**2 + 19*c - 15. What is w(17)?
19
Let h(a) = 12*a - 62. What is h(5)?
-2
Let j(v) = -v + 15. Calculate j(13).
2
Let i(u) = u**3 - 4*u**2 + 3. Calculate i(2).
-5
Let j(o) = -9*o**2 + 9*o + 1. Determine j(4).
-107
Let h(m) = m**3 - 4*m**2 - 4*m + 1. What is h(-3)?
-50
Let s(d) = d + 3. Determine s(-6).
-3
Let y(l) = -l**2 - 3*l + 6. Determine y(2).
-4
Let j(t) = 2*t**3 - 3*t**2 + t. What is j(2)?
6
Let j(l) = l**3 + 7*l**2 + 10*l + 9. Give j(-6).
-15
Let c(h) = 4*h**3 + 40*h**2 - 4*h - 1. What is c(-10)?
39
Let g(z) = 2*z + 12. Determine g(-3).
6
Let i(y) = -3*y**2 + 8*y + 9. What is i(-2)?
-19
Let k(u) = -2*u + 31. Calculate k(15).
1
Let u(m) = m**2 + m - 45. Calculate u(-6).
-15
Let o(q) = -q**3 + 7*q + 4. Calculate o(4).
-32
Let u(n) = -n**3 - 11*n**2 + 15. Determine u(-11).
15
Let b(m) = m**3 - m**2 - 4*m - 1. Calculate b(-3).
-25
Let k(n) = n**2 + 13*n + 25. What is k(-11)?
3
Let u(t) = t**3 + 10*t**2 + 10*t - 22. Give u(-8).
26
Let g(f) = 5*f - 105. Calculate g(18).
-15
Let r(f) = 20*f. Calculate r(-2).
-40
Let r(u) = u**2 - 4*u. Give r(6).
12
Let j(r) = -r**3 - 5*r**2 - r + 2. Give j(-5).
7
Let n(k) = 5*k + 24. What is n(-8)?
-16
Let u(r) = r**3 + 4*r**2 - 3*r - 13. Calculate u(-4).
-1
Let w(s) = s**3 + 12*s**2 + 33*s + 10. Calculate w(-8).
2
Let s(o) = o**3 + 39*o**2 - 41*o - 24. Calculate s(-40).
16
Let d(r) = r**3 - 19*r**2 + 6*r - 126. Determine d(19).
-12
Let r(m) = m**2 - 10*m + 3. What is r(10)?
3
Let j(x) = x**2 - 10*x + 13. Determine j(9).
4
Let j(c) = -c**3 + 5*c**2 - 2*c + 12. Calculate j(5).
2
Let l(z) = -z**3 + 13*z**2 - 23*z + 7. Give l(11).
-4
Let q(p) = p**3 - 4*p**2 - 3. Calculate q(5).
22
Let d(v) = -v**2 - 16*v + 293. Give d(-27).
-4
Let m(w) = -2*w + 53. Give m(-10).
73
Let o(r) = 2*r**2 + 5*r. Determine o(-2).
-2
Let x(c) = c**3 - 9*c**2 - 3*c + 18. Calculate x(9).
-9
Let i(q) = 2*q**2 + 3*q + 1. Calculate i(4).
45
Let o(j) = -j**3 + 4*j**2 + j - 37. What is o(0)?
-37
Let h(b) = b**3 + 14*b**2 + 17*b - 48. What is h(-12)?
36
Let n(h) = -3*h**2 + 3*h - 2. Calculate n(3).
-20
Let d(a) = a**2 + 6*a - 3. What is d(-7)?
4
Let j(r) = -2*r - 7. Determine j(-8).
9
Let n(u) = 75*u - 66. What is n(1)?
9
Let j(t) = -2*t + 8. Give j(4).
0
Let t(j) = -19*j - 124. Determine t(-6).
-10
Let w(o) = -2*o - 27. Determine w(-14).
1
Let n(q) = 35*q**3 - 1. Determine n(1).
34
Let s(y) = -2*y**2 - 15*y - 25. Calculate s(-2).
-3
Let p(v) = 2*v - 34. Give p(19).
4
Let k(o) = o**2 - 5*o - 2. Determine k(-2).
12
Let h(j) = -j**3 - 2*j**2 - j - 15. Determine h(0).
-15
Let a(h) = -2*h**2 - h + 1. Determine a(2).
-9
Let u(y) = -y**3 - 3*y**2 + 3*y + 2. What is u(-4)?
6
Let v(i) = -i**3 + 30*i**2 + 64*i - 3. Give v(32).
-3
Let r(d) = -6*d**3 - 3*d**2 - 2*d - 3. Calculate r(-2).
37
Let z(v) = -v**3 - 28*v**2 + 27*v + 3. Give z(-29).
61
Let f(x) = -3*x**2 + 35*x - 89. What is f(5)?
11
Let s(q) = 7*q**3 - 2*q**2 - 3*q - 1. What is s(-1)?
-7
Let i(z) = 29*z**3 - z**2 + z. Determine i(1).
29
Let x(c) = 4*c**2 + 2*c - 1. What is x(1)?
5
Let n(l) = l - 3. Calculate n(-5).
-8
Let s(c) = -c**3 - 18*c**2 - c - 17. Give s(-18).
1
Let x(v) = -v - 3. What is x(-13)?
10
Let h(f) = f**3 + 21*f**2 + 28*f + 9. Give h(-20).
-151
Let z(x) = -x**3 + 5*x**2 + 5*x + 1. What is z(6)?
-5
Let i(j) = -2*j - 22. Determine i(-6).
-10
Let j(w) = w**2 + 28*w. Calculate j(-28).
0
Let n(h) = -2*h + 7. Give n(4).
-1
Let u(t) = -t**3 - 5*t**2 - 7. What is u(-5)?
-7
Let l(y) = -y**3 - 5*y**2 + 3*y + 16. Determine l(-5).
1
Let j(q) = 52*q + 299. What is j(-6)?
-13
Let w(b) = b - 4. Calculate w(-4).
-8
Let c(r) = -45*r**2 - r + 2. Calculate c(1).
-44
Let m(j) = -29*j - 154. Give m(-5).
-9
Let w(k) = k. What is w(6)?
6
Let w(y) = 10*y + 4. What is w(-1)?
-6
Let u(a) = -4*a + 24. Determine u(5).
4
Let f(d) = -d**3 - d**2 - 7*d + 5. Calculate f(3).
-52
Let h(i) = -i**3 - 10*i**2 + 29*i + 43. Calculate h(-12).
-17
Let k(f) = -f**3 + 6*f**2 - 6*f + 7. Determine k(5).
2
Let u(w) = w**3 + 9*w**2 + 3*w + 8. Calculate u(-9).
-19
Let b(a) = -a**2 + 14*a - 4. Give b(11).
29
Let x(n) = n**3 + 13*n**2 - 10*n + 3. What is x(-14)?
-53
Let h(c) = c**2 - 38*c - 254. Calculate h(-6).
10
Let r(u) = -8*u + 4. Determine r(2).
-12
Let l(o) = o**2 + 5*o - 20. Calculate l(-6).
-14
Let u(n) = n**2 - 13*n + 10. Determine u(12).
-2
Let a(t) = t**3 - 8*t**2 - 13*t + 13. Calculate a(9).
-23
Let b(y) = -y**3 + 9*y**2 - 8*y - 1. Calculate b(8).
-1
Let r(q) = q**3 - 2*q**2 - 6*q + 12. What is r(4)?
20
Let m(z) = 2*z. Calculate m(6).
12
Let o(l) = -l**2 + 4*l + 1. Calculate o(